{"id":30,"date":"2022-08-03T17:50:02","date_gmt":"2022-08-03T17:50:02","guid":{"rendered":"https:\/\/antoniomaldera.it\/?page_id=30"},"modified":"2022-09-05T17:05:51","modified_gmt":"2022-09-05T17:05:51","slug":"immagini","status":"publish","type":"page","link":"https:\/\/antoniomaldera.it\/?page_id=30","title":{"rendered":"IMMAGINI"},"content":{"rendered":"\n<div class=\"wp-block-columns is-layout-flex wp-container-core-columns-is-layout-9d6595d7 wp-block-columns-is-layout-flex\">\n<div class=\"wp-block-column is-layout-flow wp-block-column-is-layout-flow\" style=\"flex-basis:33.33%\">\n<p class=\"has-medium-font-size\">L\u2019autore (a sinistra) premiato da Augusto Petito, responsabile dell\u2019istituto culturale che ha ospitato la cerimonia, come secondo classificato nella XII edizione del Premio Le Nuvole Peter Russell (Sezione Narrativa), con il racconto Via Meravigli. Napoli, Biblioteca Landolfo Caracciolo, 5 aprile 2014<\/p>\n<\/div>\n\n\n\n<div class=\"wp-block-column is-layout-flow wp-block-column-is-layout-flow\" style=\"flex-basis:66.66%\">\n<div class=\"wp-block-stevehenty-drop-shadow-box dropshadowboxes-container\" style=\"width:auto\"><div class=\"dropshadowboxes-drop-shadow dropshadowboxes-lifted-both\" style=\"background-color:#FFFFFF;border-style:solid;border-width:2px;border-color:#231955;width:;padding:2px\"><div><div class=\"wp-block-image\">\n<figure class=\"aligncenter size-full\"><img loading=\"lazy\" decoding=\"async\" width=\"584\" height=\"544\" src=\"https:\/\/antoniomaldera.it\/wp-content\/uploads\/2022\/08\/antonio-maldera-e-augusto-petito-1.jpg\" alt=\"\" class=\"wp-image-324\" srcset=\"https:\/\/antoniomaldera.it\/wp-content\/uploads\/2022\/08\/antonio-maldera-e-augusto-petito-1.jpg 584w, https:\/\/antoniomaldera.it\/wp-content\/uploads\/2022\/08\/antonio-maldera-e-augusto-petito-1-300x279.jpg 300w\" sizes=\"auto, (max-width: 584px) 100vw, 584px\" \/><\/figure>\n<\/div><\/div><\/div><\/div>\n<\/div>\n<\/div>\n\n\n\n<p class=\"has-drop-cap has-background\" style=\"background-color:#e9e9e9\">Queste le motivazioni del riconoscimento:<br>\u00abClaudio Latelli \u00e8 un uomo comune nell\u2019infelice contemporaneit\u00e1 in cui viviamo che si ritrova improvvisamente privato del proprio lavoro e cerca in ogni modo di sopravvivere \u2013 afferma lui \u2013 alla societ\u00e1 e agli altri (gli amici, i parenti, i vicini, i condomini, parte della sua famiglia), nascondendo la sua nuova condizione.<\/p>\n\n\n\n<p class=\"has-background\" style=\"background-color:#e9e9e9\">In realt\u00e0 offusca se stesso, fondendosi e perdendosi in tutte le cose, le abbraccia, scatenando la propria immaginazione traboccante di disperazione che si scioglie nella notte \u2013 oppure no\u2026 sar\u00e0 reale il sogno? \u2013 Antonio Maldera con &#8220;Via Meravigli&#8221; crea magnificamente un tratto della personalit\u00e0 dell\u2019uomo contemporaneo, ossessionato dall\u2019apparire a tutti i costi, in ogni situazione, perch\u00e9 ci\u00f2 che conta \u00e8 essere sempre all\u2019altezza di ogni misura, inseguendo la vanit\u00e0.<br>Infatti il sig. Latelli ritrover\u00e0 se stesso perch\u00e9 sceglier\u00e0, inconsapevole forse, la propria verit\u00e0 nell\u2019amore della famiglia solo quando, uomo ormai violato e giunto di fronte al S\u00e9, si dissolve nella dispersione unanime della paura della morte.\u00bb<br>(Maria Pia De Martino, Presidente della Giuria)<\/p>\n","protected":false},"excerpt":{"rendered":"<p>L\u2019autore (a sinistra) premiato da Augusto Petito, responsabile dell\u2019istituto culturale che ha ospitato la cerimonia, come secondo classificato nella XII edizione del Premio Le Nuvole Peter Russell (Sezione Narrativa), con il racconto Via Meravigli. Napoli, Biblioteca Landolfo Caracciolo, 5 aprile 2014 Queste le motivazioni del riconoscimento:\u00abClaudio Latelli \u00e8 un uomo comune nell\u2019infelice contemporaneit\u00e1 in cui viviamo che si ritrova improvvisamente privato del proprio lavoro e cerca in ogni modo di sopravvivere&hellip;<\/p>\n<p> <a class=\"more-link\" href=\"https:\/\/antoniomaldera.it\/?page_id=30\">Leggi tutto<\/a><\/p>\n","protected":false},"author":1,"featured_media":0,"parent":0,"menu_order":0,"comment_status":"closed","ping_status":"closed","template":"","meta":{"footnotes":""},"class_list":["post-30","page","type-page","status-publish"],"yoast_head":"<!-- This site is optimized with the Yoast SEO plugin v19.5.1 - https:\/\/yoast.com\/wordpress\/plugins\/seo\/ -->\n<title>IMMAGINI - ANTONIO MALDERA<\/title>\n<meta name=\"robots\" content=\"index, follow, max-snippet:-1, max-image-preview:large, max-video-preview:-1\" \/>\n<link rel=\"canonical\" href=\"https:\/\/antoniomaldera.it\/?page_id=30\" \/>\n<meta property=\"og:locale\" content=\"it_IT\" \/>\n<meta property=\"og:type\" content=\"article\" \/>\n<meta property=\"og:title\" content=\"IMMAGINI - ANTONIO MALDERA\" \/>\n<meta property=\"og:description\" content=\"L\u2019autore (a sinistra) premiato da Augusto Petito, responsabile dell\u2019istituto culturale che ha ospitato la cerimonia, come secondo classificato nella XII edizione del Premio Le Nuvole Peter Russell (Sezione Narrativa), con il racconto Via Meravigli. Napoli, Biblioteca Landolfo Caracciolo, 5 aprile 2014 Queste le motivazioni del riconoscimento:\u00abClaudio Latelli \u00e8 un uomo comune nell\u2019infelice contemporaneit\u00e1 in cui viviamo che si ritrova improvvisamente privato del proprio lavoro e cerca in ogni modo di sopravvivere&hellip;  Leggi tutto\" \/>\n<meta property=\"og:url\" content=\"https:\/\/antoniomaldera.it\/?page_id=30\" \/>\n<meta property=\"og:site_name\" content=\"ANTONIO MALDERA\" \/>\n<meta property=\"article:modified_time\" content=\"2022-09-05T17:05:51+00:00\" \/>\n<meta property=\"og:image\" content=\"https:\/\/antoniomaldera.it\/wp-content\/uploads\/2022\/08\/antonio-maldera-e-augusto-petito-1.jpg\" \/>\n<meta name=\"twitter:card\" content=\"summary_large_image\" \/>\n<meta name=\"twitter:label1\" content=\"Tempo di lettura stimato\" \/>\n\t<meta name=\"twitter:data1\" content=\"2 minuti\" \/>\n<script type=\"application\/ld+json\" class=\"yoast-schema-graph\">{\"@context\":\"https:\/\/schema.org\",\"@graph\":[{\"@type\":\"WebPage\",\"@id\":\"https:\/\/antoniomaldera.it\/?page_id=30\",\"url\":\"https:\/\/antoniomaldera.it\/?page_id=30\",\"name\":\"IMMAGINI - ANTONIO MALDERA\",\"isPartOf\":{\"@id\":\"https:\/\/antoniomaldera.it\/#website\"},\"datePublished\":\"2022-08-03T17:50:02+00:00\",\"dateModified\":\"2022-09-05T17:05:51+00:00\",\"breadcrumb\":{\"@id\":\"https:\/\/antoniomaldera.it\/?page_id=30#breadcrumb\"},\"inLanguage\":\"it-IT\",\"potentialAction\":[{\"@type\":\"ReadAction\",\"target\":[\"https:\/\/antoniomaldera.it\/?page_id=30\"]}]},{\"@type\":\"BreadcrumbList\",\"@id\":\"https:\/\/antoniomaldera.it\/?page_id=30#breadcrumb\",\"itemListElement\":[{\"@type\":\"ListItem\",\"position\":1,\"name\":\"Home\",\"item\":\"https:\/\/antoniomaldera.it\/\"},{\"@type\":\"ListItem\",\"position\":2,\"name\":\"IMMAGINI\"}]},{\"@type\":\"WebSite\",\"@id\":\"https:\/\/antoniomaldera.it\/#website\",\"url\":\"https:\/\/antoniomaldera.it\/\",\"name\":\"ANTONIO MALDERA\",\"description\":\"SCRITTORE\",\"potentialAction\":[{\"@type\":\"SearchAction\",\"target\":{\"@type\":\"EntryPoint\",\"urlTemplate\":\"https:\/\/antoniomaldera.it\/?s={search_term_string}\"},\"query-input\":\"required name=search_term_string\"}],\"inLanguage\":\"it-IT\"}]}<\/script>\n<!-- \/ Yoast SEO plugin. -->","yoast_head_json":{"title":"IMMAGINI - ANTONIO MALDERA","robots":{"index":"index","follow":"follow","max-snippet":"max-snippet:-1","max-image-preview":"max-image-preview:large","max-video-preview":"max-video-preview:-1"},"canonical":"https:\/\/antoniomaldera.it\/?page_id=30","og_locale":"it_IT","og_type":"article","og_title":"IMMAGINI - ANTONIO MALDERA","og_description":"L\u2019autore (a sinistra) premiato da Augusto Petito, responsabile dell\u2019istituto culturale che ha ospitato la cerimonia, come secondo classificato nella XII edizione del Premio Le Nuvole Peter Russell (Sezione Narrativa), con il racconto Via Meravigli. Napoli, Biblioteca Landolfo Caracciolo, 5 aprile 2014 Queste le motivazioni del riconoscimento:\u00abClaudio Latelli \u00e8 un uomo comune nell\u2019infelice contemporaneit\u00e1 in cui viviamo che si ritrova improvvisamente privato del proprio lavoro e cerca in ogni modo di sopravvivere&hellip;  Leggi tutto","og_url":"https:\/\/antoniomaldera.it\/?page_id=30","og_site_name":"ANTONIO MALDERA","article_modified_time":"2022-09-05T17:05:51+00:00","og_image":[{"url":"https:\/\/antoniomaldera.it\/wp-content\/uploads\/2022\/08\/antonio-maldera-e-augusto-petito-1.jpg"}],"twitter_card":"summary_large_image","twitter_misc":{"Tempo di lettura stimato":"2 minuti"},"schema":{"@context":"https:\/\/schema.org","@graph":[{"@type":"WebPage","@id":"https:\/\/antoniomaldera.it\/?page_id=30","url":"https:\/\/antoniomaldera.it\/?page_id=30","name":"IMMAGINI - ANTONIO MALDERA","isPartOf":{"@id":"https:\/\/antoniomaldera.it\/#website"},"datePublished":"2022-08-03T17:50:02+00:00","dateModified":"2022-09-05T17:05:51+00:00","breadcrumb":{"@id":"https:\/\/antoniomaldera.it\/?page_id=30#breadcrumb"},"inLanguage":"it-IT","potentialAction":[{"@type":"ReadAction","target":["https:\/\/antoniomaldera.it\/?page_id=30"]}]},{"@type":"BreadcrumbList","@id":"https:\/\/antoniomaldera.it\/?page_id=30#breadcrumb","itemListElement":[{"@type":"ListItem","position":1,"name":"Home","item":"https:\/\/antoniomaldera.it\/"},{"@type":"ListItem","position":2,"name":"IMMAGINI"}]},{"@type":"WebSite","@id":"https:\/\/antoniomaldera.it\/#website","url":"https:\/\/antoniomaldera.it\/","name":"ANTONIO MALDERA","description":"SCRITTORE","potentialAction":[{"@type":"SearchAction","target":{"@type":"EntryPoint","urlTemplate":"https:\/\/antoniomaldera.it\/?s={search_term_string}"},"query-input":"required name=search_term_string"}],"inLanguage":"it-IT"}]}},"uagb_featured_image_src":{"full":false,"thumbnail":false,"medium":false,"medium_large":false,"large":false,"1536x1536":false,"2048x2048":false},"uagb_author_info":{"display_name":"admin","author_link":"https:\/\/antoniomaldera.it\/?author=1"},"uagb_comment_info":0,"uagb_excerpt":"L\u2019autore (a sinistra) premiato da Augusto Petito, responsabile dell\u2019istituto culturale che ha ospitato la cerimonia, come secondo classificato nella XII edizione del Premio Le Nuvole Peter Russell (Sezione Narrativa), con il racconto Via Meravigli. Napoli, Biblioteca Landolfo Caracciolo, 5 aprile 2014 Queste le motivazioni del riconoscimento:\u00abClaudio Latelli \u00e8 un uomo comune nell\u2019infelice contemporaneit\u00e1 in cui&hellip;","_links":{"self":[{"href":"https:\/\/antoniomaldera.it\/index.php?rest_route=\/wp\/v2\/pages\/30","targetHints":{"allow":["GET"]}}],"collection":[{"href":"https:\/\/antoniomaldera.it\/index.php?rest_route=\/wp\/v2\/pages"}],"about":[{"href":"https:\/\/antoniomaldera.it\/index.php?rest_route=\/wp\/v2\/types\/page"}],"author":[{"embeddable":true,"href":"https:\/\/antoniomaldera.it\/index.php?rest_route=\/wp\/v2\/users\/1"}],"replies":[{"embeddable":true,"href":"https:\/\/antoniomaldera.it\/index.php?rest_route=%2Fwp%2Fv2%2Fcomments&post=30"}],"version-history":[{"count":16,"href":"https:\/\/antoniomaldera.it\/index.php?rest_route=\/wp\/v2\/pages\/30\/revisions"}],"predecessor-version":[{"id":543,"href":"https:\/\/antoniomaldera.it\/index.php?rest_route=\/wp\/v2\/pages\/30\/revisions\/543"}],"wp:attachment":[{"href":"https:\/\/antoniomaldera.it\/index.php?rest_route=%2Fwp%2Fv2%2Fmedia&parent=30"}],"curies":[{"name":"wp","href":"https:\/\/api.w.org\/{rel}","templated":true}]}}

<div class="wp-block-columns is-layout-flex wp-container-core-columns-is-layout-9d6595d7 wp-block-columns-is-layout-flex">
<div class="wp-block-column is-layout-flow wp-block-column-is-layout-flow" style="flex-basis:33.33%">
<p class="has-medium-font-size">L’autore (a sinistra) premiato da Augusto Petito, responsabile dell’istituto culturale che ha ospitato la cerimonia, come secondo classificato nella XII edizione del Premio Le Nuvole Peter Russell (Sezione Narrativa), con il racconto Via Meravigli. Napoli, Biblioteca Landolfo Caracciolo, 5 aprile 2014</p>
</div>



<div class="wp-block-column is-layout-flow wp-block-column-is-layout-flow" style="flex-basis:66.66%">
<div class="wp-block-stevehenty-drop-shadow-box dropshadowboxes-container" style="width:auto"><div class="dropshadowboxes-drop-shadow dropshadowboxes-lifted-both" style="background-color:#FFFFFF;border-style:solid;border-width:2px;border-color:#231955;width:;padding:2px"><div><div class="wp-block-image">
<figure class="aligncenter size-full"><img loading="lazy" decoding="async" width="584" height="544" src="https://antoniomaldera.it/wp-content/uploads/2022/08/antonio-maldera-e-augusto-petito-1.jpg" alt="" class="wp-image-324" srcset="https://antoniomaldera.it/wp-content/uploads/2022/08/antonio-maldera-e-augusto-petito-1.jpg 584w, https://antoniomaldera.it/wp-content/uploads/2022/08/antonio-maldera-e-augusto-petito-1-300x279.jpg 300w" sizes="auto, (max-width: 584px) 100vw, 584px" /></figure>
</div></div></div></div>
</div>
</div>



<p class="has-drop-cap has-background" style="background-color:#e9e9e9">Queste le motivazioni del riconoscimento:<br>«Claudio Latelli è un uomo comune nell’infelice contemporaneitá in cui viviamo che si ritrova improvvisamente privato del proprio lavoro e cerca in ogni modo di sopravvivere – afferma lui – alla societá e agli altri (gli amici, i parenti, i vicini, i condomini, parte della sua famiglia), nascondendo la sua nuova condizione.</p>



<p class="has-background" style="background-color:#e9e9e9">In realtà offusca se stesso, fondendosi e perdendosi in tutte le cose, le abbraccia, scatenando la propria immaginazione traboccante di disperazione che si scioglie nella notte – oppure no… sarà reale il sogno? – Antonio Maldera con &#8220;Via Meravigli&#8221; crea magnificamente un tratto della personalità dell’uomo contemporaneo, ossessionato dall’apparire a tutti i costi, in ogni situazione, perché ciò che conta è essere sempre all’altezza di ogni misura, inseguendo la vanità.<br>Infatti il sig. Latelli ritroverà se stesso perché sceglierà, inconsapevole forse, la propria verità nell’amore della famiglia solo quando, uomo ormai violato e giunto di fronte al Sé, si dissolve nella dispersione unanime della paura della morte.»<br>(Maria Pia De Martino, Presidente della Giuria)</p>

<p>L’autore (a sinistra) premiato da Augusto Petito, responsabile dell’istituto culturale che ha ospitato la cerimonia, come secondo classificato nella XII edizione del Premio Le Nuvole Peter Russell (Sezione Narrativa), con il racconto Via Meravigli. Napoli, Biblioteca Landolfo Caracciolo, 5 aprile 2014 Queste le motivazioni del riconoscimento:«Claudio Latelli è un uomo comune nell’infelice contemporaneitá in cui viviamo che si ritrova improvvisamente privato del proprio lavoro e cerca in ogni modo di sopravvivere&hellip;</p>
<p> <a class="more-link" href="https://antoniomaldera.it/?page_id=30">Leggi tutto</a></p>

<!-- This site is optimized with the Yoast SEO plugin v19.5.1 - https://yoast.com/wordpress/plugins/seo/ -->
<title>IMMAGINI - ANTONIO MALDERA</title>
<meta name="robots" content="index, follow, max-snippet:-1, max-image-preview:large, max-video-preview:-1" />
<link rel="canonical" href="https://antoniomaldera.it/?page_id=30" />
<meta property="og:locale" content="it_IT" />
<meta property="og:type" content="article" />
<meta property="og:title" content="IMMAGINI - ANTONIO MALDERA" />
<meta property="og:description" content="L’autore (a sinistra) premiato da Augusto Petito, responsabile dell’istituto culturale che ha ospitato la cerimonia, come secondo classificato nella XII edizione del Premio Le Nuvole Peter Russell (Sezione Narrativa), con il racconto Via Meravigli. Napoli, Biblioteca Landolfo Caracciolo, 5 aprile 2014 Queste le motivazioni del riconoscimento:«Claudio Latelli è un uomo comune nell’infelice contemporaneitá in cui viviamo che si ritrova improvvisamente privato del proprio lavoro e cerca in ogni modo di sopravvivere&hellip;  Leggi tutto" />
<meta property="og:url" content="https://antoniomaldera.it/?page_id=30" />
<meta property="og:site_name" content="ANTONIO MALDERA" />
<meta property="article:modified_time" content="2022-09-05T17:05:51+00:00" />
<meta property="og:image" content="https://antoniomaldera.it/wp-content/uploads/2022/08/antonio-maldera-e-augusto-petito-1.jpg" />
<meta name="twitter:card" content="summary_large_image" />
<meta name="twitter:label1" content="Tempo di lettura stimato" />
	<meta name="twitter:data1" content="2 minuti" />
<script type="application/ld+json" class="yoast-schema-graph">{"@context":"https://schema.org","@graph":[{"@type":"WebPage","@id":"https://antoniomaldera.it/?page_id=30","url":"https://antoniomaldera.it/?page_id=30","name":"IMMAGINI - ANTONIO MALDERA","isPartOf":{"@id":"https://antoniomaldera.it/#website"},"datePublished":"2022-08-03T17:50:02+00:00","dateModified":"2022-09-05T17:05:51+00:00","breadcrumb":{"@id":"https://antoniomaldera.it/?page_id=30#breadcrumb"},"inLanguage":"it-IT","potentialAction":[{"@type":"ReadAction","target":["https://antoniomaldera.it/?page_id=30"]}]},{"@type":"BreadcrumbList","@id":"https://antoniomaldera.it/?page_id=30#breadcrumb","itemListElement":[{"@type":"ListItem","position":1,"name":"Home","item":"https://antoniomaldera.it/"},{"@type":"ListItem","position":2,"name":"IMMAGINI"}]},{"@type":"WebSite","@id":"https://antoniomaldera.it/#website","url":"https://antoniomaldera.it/","name":"ANTONIO MALDERA","description":"SCRITTORE","potentialAction":[{"@type":"SearchAction","target":{"@type":"EntryPoint","urlTemplate":"https://antoniomaldera.it/?s={search_term_string}"},"query-input":"required name=search_term_string"}],"inLanguage":"it-IT"}]}</script>
<!-- / Yoast SEO plugin. -->

L’autore (a sinistra) premiato da Augusto Petito, responsabile dell’istituto culturale che ha ospitato la cerimonia, come secondo classificato nella XII edizione del Premio Le Nuvole Peter Russell (Sezione Narrativa), con il racconto Via Meravigli. Napoli, Biblioteca Landolfo Caracciolo, 5 aprile 2014 Queste le motivazioni del riconoscimento:«Claudio Latelli è un uomo comune nell’infelice contemporaneitá in cui viviamo che si ritrova improvvisamente privato del proprio lavoro e cerca in ogni modo di sopravvivere&hellip;  Leggi tutto

L’autore (a sinistra) premiato da Augusto Petito, responsabile dell’istituto culturale che ha ospitato la cerimonia, come secondo classificato nella XII edizione del Premio Le Nuvole Peter Russell (Sezione Narrativa), con il racconto Via Meravigli. Napoli, Biblioteca Landolfo Caracciolo, 5 aprile 2014 Queste le motivazioni del riconoscimento:«Claudio Latelli è un uomo comune nell’infelice contemporaneitá in cui&hellip;
