{"id":21,"date":"2022-08-03T17:46:57","date_gmt":"2022-08-03T17:46:57","guid":{"rendered":"https:\/\/antoniomaldera.it\/?page_id=21"},"modified":"2023-08-31T17:57:52","modified_gmt":"2023-08-31T17:57:52","slug":"biografia","status":"publish","type":"page","link":"https:\/\/antoniomaldera.it\/?page_id=21","title":{"rendered":"BIOGRAFIA"},"content":{"rendered":"\n<div class=\"wp-block-columns is-layout-flex wp-container-core-columns-is-layout-9d6595d7 wp-block-columns-is-layout-flex\">\n<div class=\"wp-block-column is-layout-flow wp-block-column-is-layout-flow\">\n<p>Antonio Maldera \u00e8 nato a Milano nel 1971.<br>Si \u00e8 laureato in lettere moderne, orientamento storico, presso l\u2019Universit\u00e0 degli Studi di Milano e ha conseguito un attestato di perfezionamento universitario in critica letteraria e artistica presso l\u2019Universit\u00e0 Cattolica del capoluogo lombardo.<\/p>\n\n\n\n<p>Ha pubblicato sulla rivista \u00abIl Risorgimento\u00bb un articolo legato all\u2019argomento della sua tesi di laurea e intitolato <em>Il \u201cprezioso deposito\u201d: l\u2019infanzia e le relazioni familiari nella produzione religiosa del Settecento<\/em>.<\/p>\n\n\n\n<p>I libri hanno un ruolo centrale nella sua vita, a partire dalla sua attivit\u00e0 professionale: da anni, infatti, lavora nel campo dell\u2019editoria, contribuendo a vario titolo alla realizzazione di opere.<\/p>\n\n\n\n<p>Nella sua formazione sono stati fondamentali i classici e i grandi romanzi dell&#8217;Ottocento e del Novecento.<br>Molto apprezzati anche i saggi, attualmente soprattutto quelli di argomento religioso.<\/p>\n\n\n\n<p>L\u2019interesse per la scrittura, amata da sempre, cresce col passare del tempo.<br>Anticipato dalla partecipazione a qualche antologia, il primo libro arriva nel 2000: una piccola raccolta di poesie.<\/p>\n<\/div>\n\n\n\n<div class=\"wp-block-column is-layout-flow wp-block-column-is-layout-flow\">\n<figure class=\"wp-block-image size-full\"><img loading=\"lazy\" decoding=\"async\" width=\"500\" height=\"650\" src=\"https:\/\/antoniomaldera.it\/wp-content\/uploads\/2022\/08\/antonio-maldera-scrittore-milano-biografia1.jpg\" alt=\"\" class=\"wp-image-397\" srcset=\"https:\/\/antoniomaldera.it\/wp-content\/uploads\/2022\/08\/antonio-maldera-scrittore-milano-biografia1.jpg 500w, https:\/\/antoniomaldera.it\/wp-content\/uploads\/2022\/08\/antonio-maldera-scrittore-milano-biografia1-231x300.jpg 231w\" sizes=\"auto, (max-width: 500px) 100vw, 500px\" \/><\/figure>\n<\/div>\n<\/div>\n\n\n\n<div class=\"wp-block-columns is-layout-flex wp-container-core-columns-is-layout-9d6595d7 wp-block-columns-is-layout-flex\">\n<div class=\"wp-block-column is-layout-flow wp-block-column-is-layout-flow\">\n<figure class=\"wp-block-image size-full\"><img loading=\"lazy\" decoding=\"async\" width=\"500\" height=\"650\" src=\"https:\/\/antoniomaldera.it\/wp-content\/uploads\/2022\/08\/antonio-maldera-scrittore-milano-biografia2.jpg\" alt=\"\" class=\"wp-image-399\" srcset=\"https:\/\/antoniomaldera.it\/wp-content\/uploads\/2022\/08\/antonio-maldera-scrittore-milano-biografia2.jpg 500w, https:\/\/antoniomaldera.it\/wp-content\/uploads\/2022\/08\/antonio-maldera-scrittore-milano-biografia2-231x300.jpg 231w\" sizes=\"auto, (max-width: 500px) 100vw, 500px\" \/><\/figure>\n<\/div>\n\n\n\n<div class=\"wp-block-column is-layout-flow wp-block-column-is-layout-flow\">\n<p>Qualche anno pi\u00f9 tardi, in un momento di profonde riflessioni e intense sollecitazioni emotive, emerge la passione per la narrativa, con la stesura dei primi racconti. In quel periodo si creano le premesse per la raccolta pubblicata all\u2019inizio del 2008, cui ne seguir\u00e0 una seconda, decisamente pi\u00f9 ampia, nel 2010.<\/p>\n\n\n\n<p>Parallelamente alle raccolte di racconti, si sviluppa il progetto, orientato su tempi pi\u00f9 lunghi, del primo romanzo. <\/p>\n\n\n\n<p>La narrativa, quindi, si impone sempre pi\u00f9 come il genere privilegiato, anche se la poesia, coltivata fin dai tempi del liceo, non viene del tutto abbandonata.<\/p>\n\n\n\n<p>Le sue storie e i suoi personaggi  si muovono tra sogno e realt\u00e0. Quest\u2019ultima, a volte, \u00e8 presentata anche nei suoi aspetti pi\u00f9 duri, ma sempre con una prospettiva di riscatto, in primo luogo spirituale e morale.<\/p>\n\n\n\n<p>L\u2019ispirazione si presenta quasi sempre inattesa, ma si rende poi necessario un lavoro, spesso anche lungo, di rielaborazione e rifinitura, portato avanti attraverso un continuo confronto con la sorella Anna Chiara, sua prima lettrice, che si \u00e8 occupata della revisione redazionale di tutte le opere fin pubblicate finora.<\/p>\n<\/div>\n<\/div>\n\n\n\n<p><em>La passione resta intatta negli anni, ma la scrittura cambia con noi. Cambiano, almeno in parte, quelle che definirei le priorit\u00e0, le urgenze, i temi sentiti con pi\u00f9 forza. Col tempo avverto sempre pi\u00f9 la necessit\u00e0 di concentrarmi sul senso della nostra esistenza su cui l&#8217;uomo da sempre si interroga, sulla fede e sulle tematiche spirituali, sul bisogno di recuperare le nostre radici, le certezze morali che abbiamo svenduto per &#8220;un piatto di lenticchie&#8221;, di ricostruire, nel clima di confusione, di manipolazione della verit\u00e0, di smantellamento di tutti i riferimenti, in cui siamo immersi ormai da molti decenni,  un patrimonio di valori solidi e sicuri, i soli che possono garantire un futuro degno a ogni persona, alle famiglie, all&#8217;umanit\u00e0.<\/em><\/p>\n","protected":false},"excerpt":{"rendered":"<p>Antonio Maldera \u00e8 nato a Milano nel 1971.Si \u00e8 laureato in lettere moderne, orientamento storico, presso l\u2019Universit\u00e0 degli Studi di Milano e ha conseguito un attestato di perfezionamento universitario in critica letteraria e artistica presso l\u2019Universit\u00e0 Cattolica del capoluogo lombardo. Ha pubblicato sulla rivista \u00abIl Risorgimento\u00bb un articolo legato all\u2019argomento della sua tesi di laurea e intitolato Il \u201cprezioso deposito\u201d: l\u2019infanzia e le relazioni familiari nella produzione religiosa del Settecento. I&hellip;<\/p>\n<p> <a class=\"more-link\" href=\"https:\/\/antoniomaldera.it\/?page_id=21\">Leggi tutto<\/a><\/p>\n","protected":false},"author":1,"featured_media":0,"parent":0,"menu_order":0,"comment_status":"closed","ping_status":"closed","template":"","meta":{"footnotes":""},"class_list":["post-21","page","type-page","status-publish"],"yoast_head":"<!-- This site is optimized with the Yoast SEO plugin v19.5.1 - https:\/\/yoast.com\/wordpress\/plugins\/seo\/ -->\n<title>BIOGRAFIA - ANTONIO MALDERA<\/title>\n<meta name=\"robots\" content=\"index, follow, max-snippet:-1, max-image-preview:large, max-video-preview:-1\" \/>\n<link rel=\"canonical\" href=\"https:\/\/antoniomaldera.it\/?page_id=21\" \/>\n<meta property=\"og:locale\" content=\"it_IT\" \/>\n<meta property=\"og:type\" content=\"article\" \/>\n<meta property=\"og:title\" content=\"BIOGRAFIA - ANTONIO MALDERA\" \/>\n<meta property=\"og:description\" content=\"Antonio Maldera \u00e8 nato a Milano nel 1971.Si \u00e8 laureato in lettere moderne, orientamento storico, presso l\u2019Universit\u00e0 degli Studi di Milano e ha conseguito un attestato di perfezionamento universitario in critica letteraria e artistica presso l\u2019Universit\u00e0 Cattolica del capoluogo lombardo. Ha pubblicato sulla rivista \u00abIl Risorgimento\u00bb un articolo legato all\u2019argomento della sua tesi di laurea e intitolato Il \u201cprezioso deposito\u201d: l\u2019infanzia e le relazioni familiari nella produzione religiosa del Settecento. I&hellip;  Leggi tutto\" \/>\n<meta property=\"og:url\" content=\"https:\/\/antoniomaldera.it\/?page_id=21\" \/>\n<meta property=\"og:site_name\" content=\"ANTONIO MALDERA\" \/>\n<meta property=\"article:modified_time\" content=\"2023-08-31T17:57:52+00:00\" \/>\n<meta property=\"og:image\" content=\"https:\/\/antoniomaldera.it\/wp-content\/uploads\/2022\/08\/antonio-maldera-scrittore-milano-biografia1.jpg\" \/>\n<meta name=\"twitter:card\" content=\"summary_large_image\" \/>\n<meta name=\"twitter:label1\" content=\"Tempo di lettura stimato\" \/>\n\t<meta name=\"twitter:data1\" content=\"3 minuti\" \/>\n<script type=\"application\/ld+json\" class=\"yoast-schema-graph\">{\"@context\":\"https:\/\/schema.org\",\"@graph\":[{\"@type\":\"WebPage\",\"@id\":\"https:\/\/antoniomaldera.it\/?page_id=21\",\"url\":\"https:\/\/antoniomaldera.it\/?page_id=21\",\"name\":\"BIOGRAFIA - ANTONIO MALDERA\",\"isPartOf\":{\"@id\":\"https:\/\/antoniomaldera.it\/#website\"},\"datePublished\":\"2022-08-03T17:46:57+00:00\",\"dateModified\":\"2023-08-31T17:57:52+00:00\",\"breadcrumb\":{\"@id\":\"https:\/\/antoniomaldera.it\/?page_id=21#breadcrumb\"},\"inLanguage\":\"it-IT\",\"potentialAction\":[{\"@type\":\"ReadAction\",\"target\":[\"https:\/\/antoniomaldera.it\/?page_id=21\"]}]},{\"@type\":\"BreadcrumbList\",\"@id\":\"https:\/\/antoniomaldera.it\/?page_id=21#breadcrumb\",\"itemListElement\":[{\"@type\":\"ListItem\",\"position\":1,\"name\":\"Home\",\"item\":\"https:\/\/antoniomaldera.it\/\"},{\"@type\":\"ListItem\",\"position\":2,\"name\":\"BIOGRAFIA\"}]},{\"@type\":\"WebSite\",\"@id\":\"https:\/\/antoniomaldera.it\/#website\",\"url\":\"https:\/\/antoniomaldera.it\/\",\"name\":\"ANTONIO MALDERA\",\"description\":\"SCRITTORE\",\"potentialAction\":[{\"@type\":\"SearchAction\",\"target\":{\"@type\":\"EntryPoint\",\"urlTemplate\":\"https:\/\/antoniomaldera.it\/?s={search_term_string}\"},\"query-input\":\"required name=search_term_string\"}],\"inLanguage\":\"it-IT\"}]}<\/script>\n<!-- \/ Yoast SEO plugin. -->","yoast_head_json":{"title":"BIOGRAFIA - ANTONIO MALDERA","robots":{"index":"index","follow":"follow","max-snippet":"max-snippet:-1","max-image-preview":"max-image-preview:large","max-video-preview":"max-video-preview:-1"},"canonical":"https:\/\/antoniomaldera.it\/?page_id=21","og_locale":"it_IT","og_type":"article","og_title":"BIOGRAFIA - ANTONIO MALDERA","og_description":"Antonio Maldera \u00e8 nato a Milano nel 1971.Si \u00e8 laureato in lettere moderne, orientamento storico, presso l\u2019Universit\u00e0 degli Studi di Milano e ha conseguito un attestato di perfezionamento universitario in critica letteraria e artistica presso l\u2019Universit\u00e0 Cattolica del capoluogo lombardo. Ha pubblicato sulla rivista \u00abIl Risorgimento\u00bb un articolo legato all\u2019argomento della sua tesi di laurea e intitolato Il \u201cprezioso deposito\u201d: l\u2019infanzia e le relazioni familiari nella produzione religiosa del Settecento. I&hellip;  Leggi tutto","og_url":"https:\/\/antoniomaldera.it\/?page_id=21","og_site_name":"ANTONIO MALDERA","article_modified_time":"2023-08-31T17:57:52+00:00","og_image":[{"url":"https:\/\/antoniomaldera.it\/wp-content\/uploads\/2022\/08\/antonio-maldera-scrittore-milano-biografia1.jpg"}],"twitter_card":"summary_large_image","twitter_misc":{"Tempo di lettura stimato":"3 minuti"},"schema":{"@context":"https:\/\/schema.org","@graph":[{"@type":"WebPage","@id":"https:\/\/antoniomaldera.it\/?page_id=21","url":"https:\/\/antoniomaldera.it\/?page_id=21","name":"BIOGRAFIA - ANTONIO MALDERA","isPartOf":{"@id":"https:\/\/antoniomaldera.it\/#website"},"datePublished":"2022-08-03T17:46:57+00:00","dateModified":"2023-08-31T17:57:52+00:00","breadcrumb":{"@id":"https:\/\/antoniomaldera.it\/?page_id=21#breadcrumb"},"inLanguage":"it-IT","potentialAction":[{"@type":"ReadAction","target":["https:\/\/antoniomaldera.it\/?page_id=21"]}]},{"@type":"BreadcrumbList","@id":"https:\/\/antoniomaldera.it\/?page_id=21#breadcrumb","itemListElement":[{"@type":"ListItem","position":1,"name":"Home","item":"https:\/\/antoniomaldera.it\/"},{"@type":"ListItem","position":2,"name":"BIOGRAFIA"}]},{"@type":"WebSite","@id":"https:\/\/antoniomaldera.it\/#website","url":"https:\/\/antoniomaldera.it\/","name":"ANTONIO MALDERA","description":"SCRITTORE","potentialAction":[{"@type":"SearchAction","target":{"@type":"EntryPoint","urlTemplate":"https:\/\/antoniomaldera.it\/?s={search_term_string}"},"query-input":"required name=search_term_string"}],"inLanguage":"it-IT"}]}},"uagb_featured_image_src":{"full":false,"thumbnail":false,"medium":false,"medium_large":false,"large":false,"1536x1536":false,"2048x2048":false},"uagb_author_info":{"display_name":"admin","author_link":"https:\/\/antoniomaldera.it\/?author=1"},"uagb_comment_info":0,"uagb_excerpt":"Antonio Maldera \u00e8 nato a Milano nel 1971.Si \u00e8 laureato in lettere moderne, orientamento storico, presso l\u2019Universit\u00e0 degli Studi di Milano e ha conseguito un attestato di perfezionamento universitario in critica letteraria e artistica presso l\u2019Universit\u00e0 Cattolica del capoluogo lombardo. Ha pubblicato sulla rivista \u00abIl Risorgimento\u00bb un articolo legato all\u2019argomento della sua tesi di laurea&hellip;","_links":{"self":[{"href":"https:\/\/antoniomaldera.it\/index.php?rest_route=\/wp\/v2\/pages\/21","targetHints":{"allow":["GET"]}}],"collection":[{"href":"https:\/\/antoniomaldera.it\/index.php?rest_route=\/wp\/v2\/pages"}],"about":[{"href":"https:\/\/antoniomaldera.it\/index.php?rest_route=\/wp\/v2\/types\/page"}],"author":[{"embeddable":true,"href":"https:\/\/antoniomaldera.it\/index.php?rest_route=\/wp\/v2\/users\/1"}],"replies":[{"embeddable":true,"href":"https:\/\/antoniomaldera.it\/index.php?rest_route=%2Fwp%2Fv2%2Fcomments&post=21"}],"version-history":[{"count":28,"href":"https:\/\/antoniomaldera.it\/index.php?rest_route=\/wp\/v2\/pages\/21\/revisions"}],"predecessor-version":[{"id":573,"href":"https:\/\/antoniomaldera.it\/index.php?rest_route=\/wp\/v2\/pages\/21\/revisions\/573"}],"wp:attachment":[{"href":"https:\/\/antoniomaldera.it\/index.php?rest_route=%2Fwp%2Fv2%2Fmedia&parent=21"}],"curies":[{"name":"wp","href":"https:\/\/api.w.org\/{rel}","templated":true}]}}

<div class="wp-block-columns is-layout-flex wp-container-core-columns-is-layout-9d6595d7 wp-block-columns-is-layout-flex">
<div class="wp-block-column is-layout-flow wp-block-column-is-layout-flow">
<p>Antonio Maldera è nato a Milano nel 1971.<br>Si è laureato in lettere moderne, orientamento storico, presso l’Università degli Studi di Milano e ha conseguito un attestato di perfezionamento universitario in critica letteraria e artistica presso l’Università Cattolica del capoluogo lombardo.</p>



<p>Ha pubblicato sulla rivista «Il Risorgimento» un articolo legato all’argomento della sua tesi di laurea e intitolato <em>Il “prezioso deposito”: l’infanzia e le relazioni familiari nella produzione religiosa del Settecento</em>.</p>



<p>I libri hanno un ruolo centrale nella sua vita, a partire dalla sua attività professionale: da anni, infatti, lavora nel campo dell’editoria, contribuendo a vario titolo alla realizzazione di opere.</p>



<p>Nella sua formazione sono stati fondamentali i classici e i grandi romanzi dell&#8217;Ottocento e del Novecento.<br>Molto apprezzati anche i saggi, attualmente soprattutto quelli di argomento religioso.</p>



<p>L’interesse per la scrittura, amata da sempre, cresce col passare del tempo.<br>Anticipato dalla partecipazione a qualche antologia, il primo libro arriva nel 2000: una piccola raccolta di poesie.</p>
</div>



<div class="wp-block-column is-layout-flow wp-block-column-is-layout-flow">
<figure class="wp-block-image size-full"><img loading="lazy" decoding="async" width="500" height="650" src="https://antoniomaldera.it/wp-content/uploads/2022/08/antonio-maldera-scrittore-milano-biografia1.jpg" alt="" class="wp-image-397" srcset="https://antoniomaldera.it/wp-content/uploads/2022/08/antonio-maldera-scrittore-milano-biografia1.jpg 500w, https://antoniomaldera.it/wp-content/uploads/2022/08/antonio-maldera-scrittore-milano-biografia1-231x300.jpg 231w" sizes="auto, (max-width: 500px) 100vw, 500px" /></figure>
</div>
</div>



<div class="wp-block-columns is-layout-flex wp-container-core-columns-is-layout-9d6595d7 wp-block-columns-is-layout-flex">
<div class="wp-block-column is-layout-flow wp-block-column-is-layout-flow">
<figure class="wp-block-image size-full"><img loading="lazy" decoding="async" width="500" height="650" src="https://antoniomaldera.it/wp-content/uploads/2022/08/antonio-maldera-scrittore-milano-biografia2.jpg" alt="" class="wp-image-399" srcset="https://antoniomaldera.it/wp-content/uploads/2022/08/antonio-maldera-scrittore-milano-biografia2.jpg 500w, https://antoniomaldera.it/wp-content/uploads/2022/08/antonio-maldera-scrittore-milano-biografia2-231x300.jpg 231w" sizes="auto, (max-width: 500px) 100vw, 500px" /></figure>
</div>



<div class="wp-block-column is-layout-flow wp-block-column-is-layout-flow">
<p>Qualche anno più tardi, in un momento di profonde riflessioni e intense sollecitazioni emotive, emerge la passione per la narrativa, con la stesura dei primi racconti. In quel periodo si creano le premesse per la raccolta pubblicata all’inizio del 2008, cui ne seguirà una seconda, decisamente più ampia, nel 2010.</p>



<p>Parallelamente alle raccolte di racconti, si sviluppa il progetto, orientato su tempi più lunghi, del primo romanzo. </p>



<p>La narrativa, quindi, si impone sempre più come il genere privilegiato, anche se la poesia, coltivata fin dai tempi del liceo, non viene del tutto abbandonata.</p>



<p>Le sue storie e i suoi personaggi  si muovono tra sogno e realtà. Quest’ultima, a volte, è presentata anche nei suoi aspetti più duri, ma sempre con una prospettiva di riscatto, in primo luogo spirituale e morale.</p>



<p>L’ispirazione si presenta quasi sempre inattesa, ma si rende poi necessario un lavoro, spesso anche lungo, di rielaborazione e rifinitura, portato avanti attraverso un continuo confronto con la sorella Anna Chiara, sua prima lettrice, che si è occupata della revisione redazionale di tutte le opere fin pubblicate finora.</p>
</div>
</div>



<p><em>La passione resta intatta negli anni, ma la scrittura cambia con noi. Cambiano, almeno in parte, quelle che definirei le priorità, le urgenze, i temi sentiti con più forza. Col tempo avverto sempre più la necessità di concentrarmi sul senso della nostra esistenza su cui l&#8217;uomo da sempre si interroga, sulla fede e sulle tematiche spirituali, sul bisogno di recuperare le nostre radici, le certezze morali che abbiamo svenduto per &#8220;un piatto di lenticchie&#8221;, di ricostruire, nel clima di confusione, di manipolazione della verità, di smantellamento di tutti i riferimenti, in cui siamo immersi ormai da molti decenni,  un patrimonio di valori solidi e sicuri, i soli che possono garantire un futuro degno a ogni persona, alle famiglie, all&#8217;umanità.</em></p>

<p>Antonio Maldera è nato a Milano nel 1971.Si è laureato in lettere moderne, orientamento storico, presso l’Università degli Studi di Milano e ha conseguito un attestato di perfezionamento universitario in critica letteraria e artistica presso l’Università Cattolica del capoluogo lombardo. Ha pubblicato sulla rivista «Il Risorgimento» un articolo legato all’argomento della sua tesi di laurea e intitolato Il “prezioso deposito”: l’infanzia e le relazioni familiari nella produzione religiosa del Settecento. I&hellip;</p>
<p> <a class="more-link" href="https://antoniomaldera.it/?page_id=21">Leggi tutto</a></p>

<!-- This site is optimized with the Yoast SEO plugin v19.5.1 - https://yoast.com/wordpress/plugins/seo/ -->
<title>BIOGRAFIA - ANTONIO MALDERA</title>
<meta name="robots" content="index, follow, max-snippet:-1, max-image-preview:large, max-video-preview:-1" />
<link rel="canonical" href="https://antoniomaldera.it/?page_id=21" />
<meta property="og:locale" content="it_IT" />
<meta property="og:type" content="article" />
<meta property="og:title" content="BIOGRAFIA - ANTONIO MALDERA" />
<meta property="og:description" content="Antonio Maldera è nato a Milano nel 1971.Si è laureato in lettere moderne, orientamento storico, presso l’Università degli Studi di Milano e ha conseguito un attestato di perfezionamento universitario in critica letteraria e artistica presso l’Università Cattolica del capoluogo lombardo. Ha pubblicato sulla rivista «Il Risorgimento» un articolo legato all’argomento della sua tesi di laurea e intitolato Il “prezioso deposito”: l’infanzia e le relazioni familiari nella produzione religiosa del Settecento. I&hellip;  Leggi tutto" />
<meta property="og:url" content="https://antoniomaldera.it/?page_id=21" />
<meta property="og:site_name" content="ANTONIO MALDERA" />
<meta property="article:modified_time" content="2023-08-31T17:57:52+00:00" />
<meta property="og:image" content="https://antoniomaldera.it/wp-content/uploads/2022/08/antonio-maldera-scrittore-milano-biografia1.jpg" />
<meta name="twitter:card" content="summary_large_image" />
<meta name="twitter:label1" content="Tempo di lettura stimato" />
	<meta name="twitter:data1" content="3 minuti" />
<script type="application/ld+json" class="yoast-schema-graph">{"@context":"https://schema.org","@graph":[{"@type":"WebPage","@id":"https://antoniomaldera.it/?page_id=21","url":"https://antoniomaldera.it/?page_id=21","name":"BIOGRAFIA - ANTONIO MALDERA","isPartOf":{"@id":"https://antoniomaldera.it/#website"},"datePublished":"2022-08-03T17:46:57+00:00","dateModified":"2023-08-31T17:57:52+00:00","breadcrumb":{"@id":"https://antoniomaldera.it/?page_id=21#breadcrumb"},"inLanguage":"it-IT","potentialAction":[{"@type":"ReadAction","target":["https://antoniomaldera.it/?page_id=21"]}]},{"@type":"BreadcrumbList","@id":"https://antoniomaldera.it/?page_id=21#breadcrumb","itemListElement":[{"@type":"ListItem","position":1,"name":"Home","item":"https://antoniomaldera.it/"},{"@type":"ListItem","position":2,"name":"BIOGRAFIA"}]},{"@type":"WebSite","@id":"https://antoniomaldera.it/#website","url":"https://antoniomaldera.it/","name":"ANTONIO MALDERA","description":"SCRITTORE","potentialAction":[{"@type":"SearchAction","target":{"@type":"EntryPoint","urlTemplate":"https://antoniomaldera.it/?s={search_term_string}"},"query-input":"required name=search_term_string"}],"inLanguage":"it-IT"}]}</script>
<!-- / Yoast SEO plugin. -->

Antonio Maldera è nato a Milano nel 1971.Si è laureato in lettere moderne, orientamento storico, presso l’Università degli Studi di Milano e ha conseguito un attestato di perfezionamento universitario in critica letteraria e artistica presso l’Università Cattolica del capoluogo lombardo. Ha pubblicato sulla rivista «Il Risorgimento» un articolo legato all’argomento della sua tesi di laurea e intitolato Il “prezioso deposito”: l’infanzia e le relazioni familiari nella produzione religiosa del Settecento. I&hellip;  Leggi tutto

Antonio Maldera è nato a Milano nel 1971.Si è laureato in lettere moderne, orientamento storico, presso l’Università degli Studi di Milano e ha conseguito un attestato di perfezionamento universitario in critica letteraria e artistica presso l’Università Cattolica del capoluogo lombardo. Ha pubblicato sulla rivista «Il Risorgimento» un articolo legato all’argomento della sua tesi di laurea&hellip;
